{"id":13798,"date":"2026-01-22T14:22:21","date_gmt":"2026-01-22T11:22:21","guid":{"rendered":"https:\/\/iicbarcellona.esteri.it\/lingua-e-cultura\/i-corsi-di-lingua\/larte-parla-ii-tecniche-e-personaggi-nella-storia-dellarte-scultura-mosaico-e-affresco-corsi-speciali\/"},"modified":"2026-01-28T17:50:51","modified_gmt":"2026-01-28T14:50:51","slug":"larte-parla-ii-tecniche-e-personaggi-nella-storia-dellarte-scultura-mosaico-e-affresco-corsi-speciali","status":"publish","type":"page","link":"https:\/\/iicbarcellona.esteri.it\/ca\/lingua-e-cultura\/i-corsi-di-lingua\/larte-parla-ii-tecniche-e-personaggi-nella-storia-dellarte-scultura-mosaico-e-affresco-corsi-speciali\/","title":{"rendered":"L&#8217;Arte parla II, Tecniche e personaggi : Come leggere ci\u00f2 che non si dice | Cursos Especials"},"content":{"rendered":"<p><img loading=\"lazy\" decoding=\"async\" class=\"img-fluid alignnone wp-image-13963\" src=\"https:\/\/iicbarcellona.esteri.it\/wp-content\/uploads\/2026\/01\/LArte-Parla-Febbraio-2026-web-3.jpg\" alt=\"\" width=\"1358\" height=\"924\" srcset=\"https:\/\/iicbarcellona.esteri.it\/wp-content\/uploads\/2026\/01\/LArte-Parla-Febbraio-2026-web-3.jpg 1058w, https:\/\/iicbarcellona.esteri.it\/wp-content\/uploads\/2026\/01\/LArte-Parla-Febbraio-2026-web-3-300x204.jpg 300w, https:\/\/iicbarcellona.esteri.it\/wp-content\/uploads\/2026\/01\/LArte-Parla-Febbraio-2026-web-3-1024x697.jpg 1024w, https:\/\/iicbarcellona.esteri.it\/wp-content\/uploads\/2026\/01\/LArte-Parla-Febbraio-2026-web-3-768x523.jpg 768w\" sizes=\"auto, (max-width: 1358px) 100vw, 1358px\" \/><\/p>\n<p>&nbsp;<\/p>\n<hr \/>\n<p style=\"text-align: justify;\"><strong><em>L&#8217;arte parla II, tecniche e personaggi: come leggere ci\u00f2 che non si dice<\/em><\/strong> \u00e9s un curs de llengua i cultura italiana que comen\u00e7a amb les t\u00e8cniques art\u00edstiques de l&#8217;escultura, el mosaic i el fresc, i condueix a la interpretaci\u00f3 d&#8217;obres i artistes clau de la hist\u00f2ria de l&#8217;art, explorant la relaci\u00f3 entre els materials, els processos creatius, el llenguatge iconogr\u00e0fic i el significat.<br \/>\nA trav\u00e9s de deu lli\u00e7ons tem\u00e0tiques, el curs explora moments clau de la tradici\u00f3 art\u00edstica italiana \u2014des de l&#8217;art antic fins a l&#8217;<strong><em>Edat Mitjana<\/em><\/strong>, del <strong><em>Renaixement<\/em> <\/strong>al <strong><em>Barroc<\/em> <\/strong>i el <strong><em>Neoclassicisme<\/em><\/strong>\u2014, abordant obres i artistes com <strong><em>Giotto<\/em><\/strong>, <strong><em>Michelangelo<\/em><\/strong>, <strong><em>Bernini<\/em><\/strong>, <strong><em>Canova<\/em> <\/strong>i <strong><em>Leonardo<\/em><\/strong>, partint sempre de l&#8217;an\u00e0lisi de les t\u00e8cniques per a arribar a la comprensi\u00f3 de la po\u00e8tica i els contextos hist\u00f2rics.<br \/>\nAquest recorregut educatiu combina la hist\u00f2ria de l&#8217;art i l&#8217;educaci\u00f3 ling\u00fc\u00edstica: de les t\u00e8cniques a les obres d&#8217;art, de les eines als artistes, per a enriquir el vocabulari, enfortir les habilitats expressives i aguditzar la mirada cr\u00edtica sobre les imatges.<\/p>\n<hr \/>\n<p><strong>10 classes<\/strong><br \/>\n<strong>02 mar\u00e7 \u2013 18 maig 2026<\/strong><br \/>\n<strong>Horari : cada dilluns 17,00-19,00<\/strong><br \/>\n<strong>Import total : 300,00 \u20ac<\/strong><br \/>\n<strong><a href=\"https:\/\/iicbarcellona.esteri.it\/wp-content\/uploads\/2026\/01\/LArte-Parla-Febbraio-2026-def-5.pdf\">DESCARREGA<\/a> el programa complet<\/strong><br \/>\n<a href=\"https:\/\/icbl.eduplanweb.it\/courses\/#\/corso\/larte-parla-ii-tecniche-e-personaggi-nella-storia-dellarte-scultura-mosaico-e-affresco-marzo-2026\/1705\"><strong>Inscripcions online<\/strong><\/a><br \/>\n<strong>PLACES LIMITADES<\/strong><\/p>\n<p>Per a informaci\u00f3 : <a href=\"mailto:segreteriacorsi.iicbarcellona@esteri.it\">segreteriacorsi.iicbarcellona@esteri.it<\/a> e <a href=\"mailto:coordinamentocorsi.iicbarcellona@esteri.it\">coordinamentocorsi.iicbarcellona@esteri.it<\/a><\/p>\n<p>&nbsp;<\/p>\n<p>&nbsp;<\/p>\n<p>&nbsp;<\/p>\n","protected":false},"excerpt":{"rendered":"&nbsp; L&#8217;arte parla II, tecniche e personaggi: come leggere ci\u00f2 che non si dice \u00e9s un curs de llengua i cultura italiana que comen\u00e7a amb les t\u00e8cniques art\u00edstiques de l&#8217;escultura, el mosaic i el fresc, i condueix a la interpretaci\u00f3 d&#8217;obres i artistes clau de la hist\u00f2ria de l&#8217;art, explorant la relaci\u00f3 entre els materials, [&hellip;]","protected":false},"author":5,"featured_media":0,"parent":90,"menu_order":0,"comment_status":"closed","ping_status":"closed","template":"","meta":{"footnotes":""},"class_list":["post-13798","page","type-page","status-publish","hentry"],"_links":{"self":[{"href":"https:\/\/iicbarcellona.esteri.it\/ca\/wp-json\/wp\/v2\/pages\/13798","targetHints":{"allow":["GET"]}}],"collection":[{"href":"https:\/\/iicbarcellona.esteri.it\/ca\/wp-json\/wp\/v2\/pages"}],"about":[{"href":"https:\/\/iicbarcellona.esteri.it\/ca\/wp-json\/wp\/v2\/types\/page"}],"author":[{"embeddable":true,"href":"https:\/\/iicbarcellona.esteri.it\/ca\/wp-json\/wp\/v2\/users\/5"}],"replies":[{"embeddable":true,"href":"https:\/\/iicbarcellona.esteri.it\/ca\/wp-json\/wp\/v2\/comments?post=13798"}],"version-history":[{"count":6,"href":"https:\/\/iicbarcellona.esteri.it\/ca\/wp-json\/wp\/v2\/pages\/13798\/revisions"}],"predecessor-version":[{"id":14032,"href":"https:\/\/iicbarcellona.esteri.it\/ca\/wp-json\/wp\/v2\/pages\/13798\/revisions\/14032"}],"up":[{"embeddable":true,"href":"https:\/\/iicbarcellona.esteri.it\/ca\/wp-json\/wp\/v2\/pages\/90"}],"wp:attachment":[{"href":"https:\/\/iicbarcellona.esteri.it\/ca\/wp-json\/wp\/v2\/media?parent=13798"}],"curies":[{"name":"wp","href":"https:\/\/api.w.org\/{rel}","templated":true}]}}

L&#8217;Arte parla II, Tecniche e personaggi : Come leggere ciò che non si dice | Cursos Especials

<p><img loading="lazy" decoding="async" class="img-fluid alignnone wp-image-13963" src="https://iicbarcellona.esteri.it/wp-content/uploads/2026/01/LArte-Parla-Febbraio-2026-web-3.jpg" alt="" width="1358" height="924" srcset="https://iicbarcellona.esteri.it/wp-content/uploads/2026/01/LArte-Parla-Febbraio-2026-web-3.jpg 1058w, https://iicbarcellona.esteri.it/wp-content/uploads/2026/01/LArte-Parla-Febbraio-2026-web-3-300x204.jpg 300w, https://iicbarcellona.esteri.it/wp-content/uploads/2026/01/LArte-Parla-Febbraio-2026-web-3-1024x697.jpg 1024w, https://iicbarcellona.esteri.it/wp-content/uploads/2026/01/LArte-Parla-Febbraio-2026-web-3-768x523.jpg 768w" sizes="auto, (max-width: 1358px) 100vw, 1358px" /></p>
<p>&nbsp;</p>
<hr />
<p style="text-align: justify;"><strong><em>L&#8217;arte parla II, tecniche e personaggi: come leggere ciò che non si dice</em></strong> és un curs de llengua i cultura italiana que comença amb les tècniques artístiques de l&#8217;escultura, el mosaic i el fresc, i condueix a la interpretació d&#8217;obres i artistes clau de la història de l&#8217;art, explorant la relació entre els materials, els processos creatius, el llenguatge iconogràfic i el significat.<br />
A través de deu lliçons temàtiques, el curs explora moments clau de la tradició artística italiana —des de l&#8217;art antic fins a l&#8217;<strong><em>Edat Mitjana</em></strong>, del <strong><em>Renaixement</em> </strong>al <strong><em>Barroc</em> </strong>i el <strong><em>Neoclassicisme</em></strong>—, abordant obres i artistes com <strong><em>Giotto</em></strong>, <strong><em>Michelangelo</em></strong>, <strong><em>Bernini</em></strong>, <strong><em>Canova</em> </strong>i <strong><em>Leonardo</em></strong>, partint sempre de l&#8217;anàlisi de les tècniques per a arribar a la comprensió de la poètica i els contextos històrics.<br />
Aquest recorregut educatiu combina la història de l&#8217;art i l&#8217;educació lingüística: de les tècniques a les obres d&#8217;art, de les eines als artistes, per a enriquir el vocabulari, enfortir les habilitats expressives i aguditzar la mirada crítica sobre les imatges.</p>
<hr />
<p><strong>10 classes</strong><br />
<strong>02 març – 18 maig 2026</strong><br />
<strong>Horari : cada dilluns 17,00-19,00</strong><br />
<strong>Import total : 300,00 €</strong><br />
<strong><a href="https://iicbarcellona.esteri.it/wp-content/uploads/2026/01/LArte-Parla-Febbraio-2026-def-5.pdf">DESCARREGA</a> el programa complet</strong><br />
<a href="https://icbl.eduplanweb.it/courses/#/corso/larte-parla-ii-tecniche-e-personaggi-nella-storia-dellarte-scultura-mosaico-e-affresco-marzo-2026/1705"><strong>Inscripcions online</strong></a><br />
<strong>PLACES LIMITADES</strong></p>
<p>Per a informació : <a href="mailto:segreteriacorsi.iicbarcellona@esteri.it">segreteriacorsi.iicbarcellona@esteri.it</a> e <a href="mailto:coordinamentocorsi.iicbarcellona@esteri.it">coordinamentocorsi.iicbarcellona@esteri.it</a></p>
<p>&nbsp;</p>
<p>&nbsp;</p>
<p>&nbsp;</p>

&nbsp; L&#8217;arte parla II, tecniche e personaggi: come leggere ciò che non si dice és un curs de llengua i cultura italiana que comença amb les tècniques artístiques de l&#8217;escultura, el mosaic i el fresc, i condueix a la interpretació d&#8217;obres i artistes clau de la història de l&#8217;art, explorant la relació entre els materials, [&hellip;]
